{"version":"1.0","provider_name":"PSOL 50","provider_url":"https:\/\/psol50.org.br","author_name":"Comunica\u00e7\u00e3o PSOL","author_url":"https:\/\/psol50.org.br\/profile\/comunicacao\/","title":"Em defesa do direito de greve dos garis - PSOL 50","type":"rich","width":600,"height":338,"html":"<blockquote class=\"wp-embedded-content\" data-secret=\"zPkpDMsL2H\"><a href=\"https:\/\/psol50.org.br\/em-defesa-do-direito-de-greve-dos-garis\/\">Em defesa do direito de greve dos garis<\/a><\/blockquote><iframe sandbox=\"allow-scripts\" security=\"restricted\" src=\"https:\/\/psol50.org.br\/em-defesa-do-direito-de-greve-dos-garis\/embed\/#?secret=zPkpDMsL2H\" width=\"600\" height=\"338\" title=\"&#8220;Em defesa do direito de greve dos garis&#8221; &#8212; PSOL 50\" data-secret=\"zPkpDMsL2H\" frameborder=\"0\" marginwidth=\"0\" marginheight=\"0\" scrolling=\"no\" class=\"wp-embedded-content\"><\/iframe><script type=\"text\/javascript\">\n\/* <![CDATA[ *\/\n\/*! This file is auto-generated *\/\n!function(d,l){\"use strict\";l.querySelector&&d.addEventListener&&\"undefined\"!=typeof URL&&(d.wp=d.wp||{},d.wp.receiveEmbedMessage||(d.wp.receiveEmbedMessage=function(e){var t=e.data;if((t||t.secret||t.message||t.value)&&!\/[^a-zA-Z0-9]\/.test(t.secret)){for(var s,r,n,a=l.querySelectorAll('iframe[data-secret=\"'+t.secret+'\"]'),o=l.querySelectorAll('blockquote[data-secret=\"'+t.secret+'\"]'),c=new RegExp(\"^https?:$\",\"i\"),i=0;i<o.length;i++)o[i].style.display=\"none\";for(i=0;i<a.length;i++)s=a[i],e.source===s.contentWindow&&(s.removeAttribute(\"style\"),\"height\"===t.message?(1e3<(r=parseInt(t.value,10))?r=1e3:~~r<200&&(r=200),s.height=r):\"link\"===t.message&&(r=new URL(s.getAttribute(\"src\")),n=new URL(t.value),c.test(n.protocol))&&n.host===r.host&&l.activeElement===s&&(d.top.location.href=t.value))}},d.addEventListener(\"message\",d.wp.receiveEmbedMessage,!1),l.addEventListener(\"DOMContentLoaded\",function(){for(var e,t,s=l.querySelectorAll(\"iframe.wp-embedded-content\"),r=0;r<s.length;r++)(t=(e=s[r]).getAttribute(\"data-secret\"))||(t=Math.random().toString(36).substring(2,12),e.src+=\"#?secret=\"+t,e.setAttribute(\"data-secret\",t)),e.contentWindow.postMessage({message:\"ready\",secret:t},\"*\")},!1)))}(window,document);\n\/\/# sourceURL=https:\/\/psol50.org.br\/biblio\/js\/wp-embed.min.js\n\/* ]]> *\/\n<\/script>\n","description":"Bruno da Rosa e C\u00e9lio Viana* &nbsp; No dia 12 de mar\u00e7o de 2015, os trabalhadores da Companhia Municipal de Limpeza Urbana do Rio de Janeiro (Comlurb) deflagraram greve por tempo indeterminado em raz\u00e3o da postura intransigente da dire\u00e7\u00e3o da Comlurb e da Prefeitura que apresentaram uma proposta de 3% de reajuste salarial \u2013 menos [&hellip;]","thumbnail_url":"https:\/\/psol50.org.br\/inc\/uploads\/2018\/07\/capa.png","thumbnail_width":1350,"thumbnail_height":900}

Comunicação PSOL

Bruno da Rosa e Célio Viana* &nbsp; No dia 12 de março de 2015, os trabalhadores da Companhia Municipal de Limpeza Urbana do Rio de Janeiro (Comlurb) deflagraram greve por tempo indeterminado em razão da postura intransigente da direção da Comlurb e da Prefeitura que apresentaram uma proposta de 3% de reajuste salarial – menos [&hellip;]
