{"version":"1.0","provider_name":"PSOL 50","provider_url":"https:\/\/psol50.org.br","author_name":"Comunica\u00e7\u00e3o PSOL","author_url":"https:\/\/psol50.org.br\/profile\/comunicacao\/","title":"Governo se empenha para acelerar reformar trabalhista no Senado - PSOL 50","type":"rich","width":600,"height":338,"html":"<blockquote class=\"wp-embedded-content\" data-secret=\"iZc5SYUqOP\"><a href=\"https:\/\/psol50.org.br\/governo-se-empenha-para-acelerar-reformar-trabalhista-no-senado\/\">Governo se empenha para acelerar reformar trabalhista no Senado<\/a><\/blockquote><iframe sandbox=\"allow-scripts\" security=\"restricted\" src=\"https:\/\/psol50.org.br\/governo-se-empenha-para-acelerar-reformar-trabalhista-no-senado\/embed\/#?secret=iZc5SYUqOP\" width=\"600\" height=\"338\" title=\"&#8220;Governo se empenha para acelerar reformar trabalhista no Senado&#8221; &#8212; PSOL 50\" data-secret=\"iZc5SYUqOP\" frameborder=\"0\" marginwidth=\"0\" marginheight=\"0\" scrolling=\"no\" class=\"wp-embedded-content\"><\/iframe><script type=\"text\/javascript\">\n\/* <![CDATA[ *\/\n\/*! This file is auto-generated *\/\n!function(d,l){\"use strict\";l.querySelector&&d.addEventListener&&\"undefined\"!=typeof URL&&(d.wp=d.wp||{},d.wp.receiveEmbedMessage||(d.wp.receiveEmbedMessage=function(e){var t=e.data;if((t||t.secret||t.message||t.value)&&!\/[^a-zA-Z0-9]\/.test(t.secret)){for(var s,r,n,a=l.querySelectorAll('iframe[data-secret=\"'+t.secret+'\"]'),o=l.querySelectorAll('blockquote[data-secret=\"'+t.secret+'\"]'),c=new RegExp(\"^https?:$\",\"i\"),i=0;i<o.length;i++)o[i].style.display=\"none\";for(i=0;i<a.length;i++)s=a[i],e.source===s.contentWindow&&(s.removeAttribute(\"style\"),\"height\"===t.message?(1e3<(r=parseInt(t.value,10))?r=1e3:~~r<200&&(r=200),s.height=r):\"link\"===t.message&&(r=new URL(s.getAttribute(\"src\")),n=new URL(t.value),c.test(n.protocol))&&n.host===r.host&&l.activeElement===s&&(d.top.location.href=t.value))}},d.addEventListener(\"message\",d.wp.receiveEmbedMessage,!1),l.addEventListener(\"DOMContentLoaded\",function(){for(var e,t,s=l.querySelectorAll(\"iframe.wp-embedded-content\"),r=0;r<s.length;r++)(t=(e=s[r]).getAttribute(\"data-secret\"))||(t=Math.random().toString(36).substring(2,12),e.src+=\"#?secret=\"+t,e.setAttribute(\"data-secret\",t)),e.contentWindow.postMessage({message:\"ready\",secret:t},\"*\")},!1)))}(window,document);\n\/\/# sourceURL=https:\/\/psol50.org.br\/biblio\/js\/wp-embed.min.js\n\/* ]]> *\/\n<\/script>\n","thumbnail_url":"https:\/\/psol50.org.br\/inc\/uploads\/2018\/07\/capa.png","thumbnail_width":1350,"thumbnail_height":900,"description":"Ap\u00f3s conseguir aprovar a reforma trabalhista (PLC 38\/2017), na Comiss\u00e3o de Constitui\u00e7\u00e3o, Justi\u00e7a e Cidadania (CCJ) do Senado Federal, na \u00faltima quarta-feira (28\/06), a base aliada de Michel Temer quer acelerar a vota\u00e7\u00e3o da mat\u00e9ria no plen\u00e1rio da Casa. Um requerimento de urg\u00eancia dever\u00e1 ser analisado na sess\u00e3o de ter\u00e7a-feira (04). Se o pedido for [&hellip;]"}

Comunicação PSOL

Após conseguir aprovar a reforma trabalhista (PLC 38/2017), na Comissão de Constituição, Justiça e Cidadania (CCJ) do Senado Federal, na última quarta-feira (28/06), a base aliada de Michel Temer quer acelerar a votação da matéria no plenário da Casa. Um requerimento de urgência deverá ser analisado na sessão de terça-feira (04). Se o pedido for [&hellip;]
