{"version":"1.0","provider_name":"PSOL 50","provider_url":"https:\/\/psol50.org.br","author_name":"Comunica\u00e7\u00e3o PSOL","author_url":"https:\/\/psol50.org.br\/profile\/comunicacao\/","title":"IVAN VALENTE: Antiterrorismo temer\u00e1rio - PSOL 50","type":"rich","width":600,"height":338,"html":"<blockquote class=\"wp-embedded-content\" data-secret=\"dFwcgvEU5n\"><a href=\"https:\/\/psol50.org.br\/ivan-valente-antiterrorismo-temerario\/\">IVAN VALENTE: Antiterrorismo temer\u00e1rio<\/a><\/blockquote><iframe sandbox=\"allow-scripts\" security=\"restricted\" src=\"https:\/\/psol50.org.br\/ivan-valente-antiterrorismo-temerario\/embed\/#?secret=dFwcgvEU5n\" width=\"600\" height=\"338\" title=\"&#8220;IVAN VALENTE: Antiterrorismo temer\u00e1rio&#8221; &#8212; PSOL 50\" data-secret=\"dFwcgvEU5n\" frameborder=\"0\" marginwidth=\"0\" marginheight=\"0\" scrolling=\"no\" class=\"wp-embedded-content\"><\/iframe><script type=\"text\/javascript\">\n\/* <![CDATA[ *\/\n\/*! This file is auto-generated *\/\n!function(d,l){\"use strict\";l.querySelector&&d.addEventListener&&\"undefined\"!=typeof URL&&(d.wp=d.wp||{},d.wp.receiveEmbedMessage||(d.wp.receiveEmbedMessage=function(e){var t=e.data;if((t||t.secret||t.message||t.value)&&!\/[^a-zA-Z0-9]\/.test(t.secret)){for(var s,r,n,a=l.querySelectorAll('iframe[data-secret=\"'+t.secret+'\"]'),o=l.querySelectorAll('blockquote[data-secret=\"'+t.secret+'\"]'),c=new RegExp(\"^https?:$\",\"i\"),i=0;i<o.length;i++)o[i].style.display=\"none\";for(i=0;i<a.length;i++)s=a[i],e.source===s.contentWindow&&(s.removeAttribute(\"style\"),\"height\"===t.message?(1e3<(r=parseInt(t.value,10))?r=1e3:~~r<200&&(r=200),s.height=r):\"link\"===t.message&&(r=new URL(s.getAttribute(\"src\")),n=new URL(t.value),c.test(n.protocol))&&n.host===r.host&&l.activeElement===s&&(d.top.location.href=t.value))}},d.addEventListener(\"message\",d.wp.receiveEmbedMessage,!1),l.addEventListener(\"DOMContentLoaded\",function(){for(var e,t,s=l.querySelectorAll(\"iframe.wp-embedded-content\"),r=0;r<s.length;r++)(t=(e=s[r]).getAttribute(\"data-secret\"))||(t=Math.random().toString(36).substring(2,12),e.src+=\"#?secret=\"+t,e.setAttribute(\"data-secret\",t)),e.contentWindow.postMessage({message:\"ready\",secret:t},\"*\")},!1)))}(window,document);\n\/\/# sourceURL=https:\/\/psol50.org.br\/biblio\/js\/wp-embed.min.js\n\/* ]]> *\/\n<\/script>\n","thumbnail_url":"https:\/\/psol50.org.br\/inc\/uploads\/2016\/07\/Ministro-da-Justica-Wilson-Dias-ABr.jpg","thumbnail_width":1704,"thumbnail_height":1200,"description":"O ministro da Justi\u00e7a Alexandre de Moraes, que j\u00e1 foi advogado de Eduardo Cunha, deveria ser mais correto com as garantias legais de quem n\u00e3o \u00e9 seu cliente. At\u00e9 mesmo os piores criminosos devem ter seu direito \u00e0 defesa assegurado e considerados inocentes at\u00e9 prova contr\u00e1ria. Devido a uma manobra jur\u00eddica, os doze homens detidos [&hellip;]"}

Comunicação PSOL

IVAN VALENTE: Antiterrorismo temerário - PSOL 50

<blockquote class="wp-embedded-content" data-secret="dFwcgvEU5n"><a href="https://psol50.org.br/ivan-valente-antiterrorismo-temerario/">IVAN VALENTE: Antiterrorismo temerário</a></blockquote><iframe sandbox="allow-scripts" security="restricted" src="https://psol50.org.br/ivan-valente-antiterrorismo-temerario/embed/#?secret=dFwcgvEU5n" width="600" height="338" title="&#8220;IVAN VALENTE: Antiterrorismo temerário&#8221; &#8212; PSOL 50" data-secret="dFwcgvEU5n" frameborder="0" marginwidth="0" marginheight="0" scrolling="no" class="wp-embedded-content"></iframe><script type="text/javascript">
/* <![CDATA[ */
/*! This file is auto-generated */
!function(d,l){"use strict";l.querySelector&&d.addEventListener&&"undefined"!=typeof URL&&(d.wp=d.wp||{},d.wp.receiveEmbedMessage||(d.wp.receiveEmbedMessage=function(e){var t=e.data;if((t||t.secret||t.message||t.value)&&!/[^a-zA-Z0-9]/.test(t.secret)){for(var s,r,n,a=l.querySelectorAll('iframe[data-secret="'+t.secret+'"]'),o=l.querySelectorAll('blockquote[data-secret="'+t.secret+'"]'),c=new RegExp("^https?:$","i"),i=0;i<o.length;i++)o[i].style.display="none";for(i=0;i<a.length;i++)s=a[i],e.source===s.contentWindow&&(s.removeAttribute("style"),"height"===t.message?(1e3<(r=parseInt(t.value,10))?r=1e3:~~r<200&&(r=200),s.height=r):"link"===t.message&&(r=new URL(s.getAttribute("src")),n=new URL(t.value),c.test(n.protocol))&&n.host===r.host&&l.activeElement===s&&(d.top.location.href=t.value))}},d.addEventListener("message",d.wp.receiveEmbedMessage,!1),l.addEventListener("DOMContentLoaded",function(){for(var e,t,s=l.querySelectorAll("iframe.wp-embedded-content"),r=0;r<s.length;r++)(t=(e=s[r]).getAttribute("data-secret"))||(t=Math.random().toString(36).substring(2,12),e.src+="#?secret="+t,e.setAttribute("data-secret",t)),e.contentWindow.postMessage({message:"ready",secret:t},"*")},!1)))}(window,document);
//# sourceURL=https://psol50.org.br/biblio/js/wp-embed.min.js
/* ]]> */
</script>

O ministro da Justiça Alexandre de Moraes, que já foi advogado de Eduardo Cunha, deveria ser mais correto com as garantias legais de quem não é seu cliente. Até mesmo os piores criminosos devem ter seu direito à defesa assegurado e considerados inocentes até prova contrária. Devido a uma manobra jurídica, os doze homens detidos [&hellip;]
