{"version":"1.0","provider_name":"PSOL 50","provider_url":"https:\/\/psol50.org.br","author_name":"Comunica\u00e7\u00e3o PSOL","author_url":"https:\/\/psol50.org.br\/profile\/comunicacao\/","title":"Justi\u00e7a do Rio condena policiais envolvidos no caso Amarildo - PSOL 50","type":"rich","width":600,"height":338,"html":"<blockquote class=\"wp-embedded-content\" data-secret=\"js8JatukJl\"><a href=\"https:\/\/psol50.org.br\/justica-do-rio-condena-policiais-envolvidos-no-caso-amarildo\/\">Justi\u00e7a do Rio condena policiais envolvidos no caso Amarildo<\/a><\/blockquote><iframe sandbox=\"allow-scripts\" security=\"restricted\" src=\"https:\/\/psol50.org.br\/justica-do-rio-condena-policiais-envolvidos-no-caso-amarildo\/embed\/#?secret=js8JatukJl\" width=\"600\" height=\"338\" title=\"&#8220;Justi\u00e7a do Rio condena policiais envolvidos no caso Amarildo&#8221; &#8212; PSOL 50\" data-secret=\"js8JatukJl\" frameborder=\"0\" marginwidth=\"0\" marginheight=\"0\" scrolling=\"no\" class=\"wp-embedded-content\"><\/iframe><script type=\"text\/javascript\">\n\/* <![CDATA[ *\/\n\/*! This file is auto-generated *\/\n!function(d,l){\"use strict\";l.querySelector&&d.addEventListener&&\"undefined\"!=typeof URL&&(d.wp=d.wp||{},d.wp.receiveEmbedMessage||(d.wp.receiveEmbedMessage=function(e){var t=e.data;if((t||t.secret||t.message||t.value)&&!\/[^a-zA-Z0-9]\/.test(t.secret)){for(var s,r,n,a=l.querySelectorAll('iframe[data-secret=\"'+t.secret+'\"]'),o=l.querySelectorAll('blockquote[data-secret=\"'+t.secret+'\"]'),c=new RegExp(\"^https?:$\",\"i\"),i=0;i<o.length;i++)o[i].style.display=\"none\";for(i=0;i<a.length;i++)s=a[i],e.source===s.contentWindow&&(s.removeAttribute(\"style\"),\"height\"===t.message?(1e3<(r=parseInt(t.value,10))?r=1e3:~~r<200&&(r=200),s.height=r):\"link\"===t.message&&(r=new URL(s.getAttribute(\"src\")),n=new URL(t.value),c.test(n.protocol))&&n.host===r.host&&l.activeElement===s&&(d.top.location.href=t.value))}},d.addEventListener(\"message\",d.wp.receiveEmbedMessage,!1),l.addEventListener(\"DOMContentLoaded\",function(){for(var e,t,s=l.querySelectorAll(\"iframe.wp-embedded-content\"),r=0;r<s.length;r++)(t=(e=s[r]).getAttribute(\"data-secret\"))||(t=Math.random().toString(36).substring(2,12),e.src+=\"#?secret=\"+t,e.setAttribute(\"data-secret\",t)),e.contentWindow.postMessage({message:\"ready\",secret:t},\"*\")},!1)))}(window,document);\n\/\/# sourceURL=https:\/\/psol50.org.br\/biblio\/js\/wp-embed.min.js\n\/* ]]> *\/\n<\/script>\n","thumbnail_url":"https:\/\/psol50.org.br\/inc\/uploads\/2016\/02\/onde-esta-amarildo_ebc.jpg","thumbnail_width":620,"thumbnail_height":465,"description":"Dos 25 PMs denunciados, pelo menos oito responder\u00e3o pelo crime, entre os quais o ex-comandante da UPP da Rocinha. Ajudante de pedreiro sumiu em julho de 2014 durante opera\u00e7\u00e3o policial Reportagem veiculada neste domingo (31) no Fant\u00e1stico aponta que pelo menos oito dos 25 policiais militares denunciados por envolvimento no assassinato de Amarildo Souza, no [&hellip;]"}

Comunicação PSOL

Justiça do Rio condena policiais envolvidos no caso Amarildo - PSOL 50

<blockquote class="wp-embedded-content" data-secret="js8JatukJl"><a href="https://psol50.org.br/justica-do-rio-condena-policiais-envolvidos-no-caso-amarildo/">Justiça do Rio condena policiais envolvidos no caso Amarildo</a></blockquote><iframe sandbox="allow-scripts" security="restricted" src="https://psol50.org.br/justica-do-rio-condena-policiais-envolvidos-no-caso-amarildo/embed/#?secret=js8JatukJl" width="600" height="338" title="&#8220;Justiça do Rio condena policiais envolvidos no caso Amarildo&#8221; &#8212; PSOL 50" data-secret="js8JatukJl" frameborder="0" marginwidth="0" marginheight="0" scrolling="no" class="wp-embedded-content"></iframe><script type="text/javascript">
/* <![CDATA[ */
/*! This file is auto-generated */
!function(d,l){"use strict";l.querySelector&&d.addEventListener&&"undefined"!=typeof URL&&(d.wp=d.wp||{},d.wp.receiveEmbedMessage||(d.wp.receiveEmbedMessage=function(e){var t=e.data;if((t||t.secret||t.message||t.value)&&!/[^a-zA-Z0-9]/.test(t.secret)){for(var s,r,n,a=l.querySelectorAll('iframe[data-secret="'+t.secret+'"]'),o=l.querySelectorAll('blockquote[data-secret="'+t.secret+'"]'),c=new RegExp("^https?:$","i"),i=0;i<o.length;i++)o[i].style.display="none";for(i=0;i<a.length;i++)s=a[i],e.source===s.contentWindow&&(s.removeAttribute("style"),"height"===t.message?(1e3<(r=parseInt(t.value,10))?r=1e3:~~r<200&&(r=200),s.height=r):"link"===t.message&&(r=new URL(s.getAttribute("src")),n=new URL(t.value),c.test(n.protocol))&&n.host===r.host&&l.activeElement===s&&(d.top.location.href=t.value))}},d.addEventListener("message",d.wp.receiveEmbedMessage,!1),l.addEventListener("DOMContentLoaded",function(){for(var e,t,s=l.querySelectorAll("iframe.wp-embedded-content"),r=0;r<s.length;r++)(t=(e=s[r]).getAttribute("data-secret"))||(t=Math.random().toString(36).substring(2,12),e.src+="#?secret="+t,e.setAttribute("data-secret",t)),e.contentWindow.postMessage({message:"ready",secret:t},"*")},!1)))}(window,document);
//# sourceURL=https://psol50.org.br/biblio/js/wp-embed.min.js
/* ]]> */
</script>

Dos 25 PMs denunciados, pelo menos oito responderão pelo crime, entre os quais o ex-comandante da UPP da Rocinha. Ajudante de pedreiro sumiu em julho de 2014 durante operação policial Reportagem veiculada neste domingo (31) no Fantástico aponta que pelo menos oito dos 25 policiais militares denunciados por envolvimento no assassinato de Amarildo Souza, no [&hellip;]
