{"version":"1.0","provider_name":"PSOL 50","provider_url":"https:\/\/psol50.org.br","author_name":"Comunica\u00e7\u00e3o PSOL","author_url":"https:\/\/psol50.org.br\/profile\/comunicacao\/","title":"Metro de Lisboa volta a parar nesta quinta-feira - PSOL 50","type":"rich","width":600,"height":338,"html":"<blockquote class=\"wp-embedded-content\" data-secret=\"tIkBL6wch6\"><a href=\"https:\/\/psol50.org.br\/metro-de-lisboa-volta-a-parar-nesta-quinta-feira\/\">Metro de Lisboa volta a parar nesta quinta-feira<\/a><\/blockquote><iframe sandbox=\"allow-scripts\" security=\"restricted\" src=\"https:\/\/psol50.org.br\/metro-de-lisboa-volta-a-parar-nesta-quinta-feira\/embed\/#?secret=tIkBL6wch6\" width=\"600\" height=\"338\" title=\"&#8220;Metro de Lisboa volta a parar nesta quinta-feira&#8221; &#8212; PSOL 50\" data-secret=\"tIkBL6wch6\" frameborder=\"0\" marginwidth=\"0\" marginheight=\"0\" scrolling=\"no\" class=\"wp-embedded-content\"><\/iframe><script type=\"text\/javascript\">\n\/* <![CDATA[ *\/\n\/*! This file is auto-generated *\/\n!function(d,l){\"use strict\";l.querySelector&&d.addEventListener&&\"undefined\"!=typeof URL&&(d.wp=d.wp||{},d.wp.receiveEmbedMessage||(d.wp.receiveEmbedMessage=function(e){var t=e.data;if((t||t.secret||t.message||t.value)&&!\/[^a-zA-Z0-9]\/.test(t.secret)){for(var s,r,n,a=l.querySelectorAll('iframe[data-secret=\"'+t.secret+'\"]'),o=l.querySelectorAll('blockquote[data-secret=\"'+t.secret+'\"]'),c=new RegExp(\"^https?:$\",\"i\"),i=0;i<o.length;i++)o[i].style.display=\"none\";for(i=0;i<a.length;i++)s=a[i],e.source===s.contentWindow&&(s.removeAttribute(\"style\"),\"height\"===t.message?(1e3<(r=parseInt(t.value,10))?r=1e3:~~r<200&&(r=200),s.height=r):\"link\"===t.message&&(r=new URL(s.getAttribute(\"src\")),n=new URL(t.value),c.test(n.protocol))&&n.host===r.host&&l.activeElement===s&&(d.top.location.href=t.value))}},d.addEventListener(\"message\",d.wp.receiveEmbedMessage,!1),l.addEventListener(\"DOMContentLoaded\",function(){for(var e,t,s=l.querySelectorAll(\"iframe.wp-embedded-content\"),r=0;r<s.length;r++)(t=(e=s[r]).getAttribute(\"data-secret\"))||(t=Math.random().toString(36).substring(2,12),e.src+=\"#?secret=\"+t,e.setAttribute(\"data-secret\",t)),e.contentWindow.postMessage({message:\"ready\",secret:t},\"*\")},!1)))}(window,document);\n\/\/# sourceURL=https:\/\/psol50.org.br\/biblio\/js\/wp-embed.min.js\n\/* ]]> *\/\n<\/script>\n","description":"Trabalhadores retomam protestos que v\u00e3o afetar circula\u00e7\u00e3o durante a parte da manh\u00e3&nbsp; Os trabalhadores do Metr\u00f4 de Lisboa, em Portugal, fazem nova paralisa\u00e7\u00e3o nesta quinta-feira (16), como parte de uma greve parcial contra as medidas inscritas no Or\u00e7amento do Estado (OE) para 2014 e contra a nova lei das empresas p\u00fablicas, que entrou em vigor [&hellip;]","thumbnail_url":"https:\/\/psol50.org.br\/inc\/uploads\/2018\/07\/capa.png","thumbnail_width":1350,"thumbnail_height":900}

Comunicação PSOL

Trabalhadores retomam protestos que vão afetar circulação durante a parte da manhã&nbsp; Os trabalhadores do Metrô de Lisboa, em Portugal, fazem nova paralisação nesta quinta-feira (16), como parte de uma greve parcial contra as medidas inscritas no Orçamento do Estado (OE) para 2014 e contra a nova lei das empresas públicas, que entrou em vigor [&hellip;]
