{"version":"1.0","provider_name":"PSOL 50","provider_url":"https:\/\/psol50.org.br","author_name":"Comunica\u00e7\u00e3o PSOL","author_url":"https:\/\/psol50.org.br\/profile\/comunicacao\/","title":"Or\u00e7amento impositivo e a manuten\u00e7\u00e3o das emendas individuais - PSOL 50","type":"rich","width":600,"height":338,"html":"<blockquote class=\"wp-embedded-content\" data-secret=\"5Xsd0C30tv\"><a href=\"https:\/\/psol50.org.br\/orcamento-impositivo-e-a-manutencao-das-emendas-individuais\/\">Or\u00e7amento impositivo e a manuten\u00e7\u00e3o das emendas individuais<\/a><\/blockquote><iframe sandbox=\"allow-scripts\" security=\"restricted\" src=\"https:\/\/psol50.org.br\/orcamento-impositivo-e-a-manutencao-das-emendas-individuais\/embed\/#?secret=5Xsd0C30tv\" width=\"600\" height=\"338\" title=\"&#8220;Or\u00e7amento impositivo e a manuten\u00e7\u00e3o das emendas individuais&#8221; &#8212; PSOL 50\" data-secret=\"5Xsd0C30tv\" frameborder=\"0\" marginwidth=\"0\" marginheight=\"0\" scrolling=\"no\" class=\"wp-embedded-content\"><\/iframe><script type=\"text\/javascript\">\n\/* <![CDATA[ *\/\n\/*! This file is auto-generated *\/\n!function(d,l){\"use strict\";l.querySelector&&d.addEventListener&&\"undefined\"!=typeof URL&&(d.wp=d.wp||{},d.wp.receiveEmbedMessage||(d.wp.receiveEmbedMessage=function(e){var t=e.data;if((t||t.secret||t.message||t.value)&&!\/[^a-zA-Z0-9]\/.test(t.secret)){for(var s,r,n,a=l.querySelectorAll('iframe[data-secret=\"'+t.secret+'\"]'),o=l.querySelectorAll('blockquote[data-secret=\"'+t.secret+'\"]'),c=new RegExp(\"^https?:$\",\"i\"),i=0;i<o.length;i++)o[i].style.display=\"none\";for(i=0;i<a.length;i++)s=a[i],e.source===s.contentWindow&&(s.removeAttribute(\"style\"),\"height\"===t.message?(1e3<(r=parseInt(t.value,10))?r=1e3:~~r<200&&(r=200),s.height=r):\"link\"===t.message&&(r=new URL(s.getAttribute(\"src\")),n=new URL(t.value),c.test(n.protocol))&&n.host===r.host&&l.activeElement===s&&(d.top.location.href=t.value))}},d.addEventListener(\"message\",d.wp.receiveEmbedMessage,!1),l.addEventListener(\"DOMContentLoaded\",function(){for(var e,t,s=l.querySelectorAll(\"iframe.wp-embedded-content\"),r=0;r<s.length;r++)(t=(e=s[r]).getAttribute(\"data-secret\"))||(t=Math.random().toString(36).substring(2,12),e.src+=\"#?secret=\"+t,e.setAttribute(\"data-secret\",t)),e.contentWindow.postMessage({message:\"ready\",secret:t},\"*\")},!1)))}(window,document);\n\/\/# sourceURL=https:\/\/psol50.org.br\/biblio\/js\/wp-embed.min.js\n\/* ]]> *\/\n<\/script>\n","description":"A grande m\u00eddia exp\u00f5e neste momento mais uma \u201ccrise\u201d entre o governo federal (Poder Executivo) e o Congresso Nacional (Poder Legislativo), desta vez motivada pela aprova\u00e7\u00e3o, em Comiss\u00e3o Especial na C\u00e2mara dos Deputados, da PEC do \u201cor\u00e7amento impositivo\u201d. Longe de significar uma crise entre esses poderes ou, mais ainda, entre PT e PMDB (a parceria [&hellip;]","thumbnail_url":"https:\/\/psol50.org.br\/inc\/uploads\/2018\/07\/capa.png","thumbnail_width":1350,"thumbnail_height":900}

Comunicação PSOL

Orçamento impositivo e a manutenção das emendas individuais - PSOL 50

<blockquote class="wp-embedded-content" data-secret="5Xsd0C30tv"><a href="https://psol50.org.br/orcamento-impositivo-e-a-manutencao-das-emendas-individuais/">Orçamento impositivo e a manutenção das emendas individuais</a></blockquote><iframe sandbox="allow-scripts" security="restricted" src="https://psol50.org.br/orcamento-impositivo-e-a-manutencao-das-emendas-individuais/embed/#?secret=5Xsd0C30tv" width="600" height="338" title="&#8220;Orçamento impositivo e a manutenção das emendas individuais&#8221; &#8212; PSOL 50" data-secret="5Xsd0C30tv" frameborder="0" marginwidth="0" marginheight="0" scrolling="no" class="wp-embedded-content"></iframe><script type="text/javascript">
/* <![CDATA[ */
/*! This file is auto-generated */
!function(d,l){"use strict";l.querySelector&&d.addEventListener&&"undefined"!=typeof URL&&(d.wp=d.wp||{},d.wp.receiveEmbedMessage||(d.wp.receiveEmbedMessage=function(e){var t=e.data;if((t||t.secret||t.message||t.value)&&!/[^a-zA-Z0-9]/.test(t.secret)){for(var s,r,n,a=l.querySelectorAll('iframe[data-secret="'+t.secret+'"]'),o=l.querySelectorAll('blockquote[data-secret="'+t.secret+'"]'),c=new RegExp("^https?:$","i"),i=0;i<o.length;i++)o[i].style.display="none";for(i=0;i<a.length;i++)s=a[i],e.source===s.contentWindow&&(s.removeAttribute("style"),"height"===t.message?(1e3<(r=parseInt(t.value,10))?r=1e3:~~r<200&&(r=200),s.height=r):"link"===t.message&&(r=new URL(s.getAttribute("src")),n=new URL(t.value),c.test(n.protocol))&&n.host===r.host&&l.activeElement===s&&(d.top.location.href=t.value))}},d.addEventListener("message",d.wp.receiveEmbedMessage,!1),l.addEventListener("DOMContentLoaded",function(){for(var e,t,s=l.querySelectorAll("iframe.wp-embedded-content"),r=0;r<s.length;r++)(t=(e=s[r]).getAttribute("data-secret"))||(t=Math.random().toString(36).substring(2,12),e.src+="#?secret="+t,e.setAttribute("data-secret",t)),e.contentWindow.postMessage({message:"ready",secret:t},"*")},!1)))}(window,document);
//# sourceURL=https://psol50.org.br/biblio/js/wp-embed.min.js
/* ]]> */
</script>

A grande mídia expõe neste momento mais uma “crise” entre o governo federal (Poder Executivo) e o Congresso Nacional (Poder Legislativo), desta vez motivada pela aprovação, em Comissão Especial na Câmara dos Deputados, da PEC do “orçamento impositivo”. Longe de significar uma crise entre esses poderes ou, mais ainda, entre PT e PMDB (a parceria [&hellip;]
