{"version":"1.0","provider_name":"PSOL 50","provider_url":"https:\/\/psol50.org.br","author_name":"Comunica\u00e7\u00e3o PSOL","author_url":"https:\/\/psol50.org.br\/profile\/comunicacao\/","title":"Racistas incendeiam moradia cigana na Alemanha - PSOL 50","type":"rich","width":600,"height":338,"html":"<blockquote class=\"wp-embedded-content\" data-secret=\"5sqEsIQXSh\"><a href=\"https:\/\/psol50.org.br\/racistas-incendeiam-moradia-cigana-na-alemanha\/\">Racistas incendeiam moradia cigana na Alemanha<\/a><\/blockquote><iframe sandbox=\"allow-scripts\" security=\"restricted\" src=\"https:\/\/psol50.org.br\/racistas-incendeiam-moradia-cigana-na-alemanha\/embed\/#?secret=5sqEsIQXSh\" width=\"600\" height=\"338\" title=\"&#8220;Racistas incendeiam moradia cigana na Alemanha&#8221; &#8212; PSOL 50\" data-secret=\"5sqEsIQXSh\" frameborder=\"0\" marginwidth=\"0\" marginheight=\"0\" scrolling=\"no\" class=\"wp-embedded-content\"><\/iframe><script type=\"text\/javascript\">\n\/* <![CDATA[ *\/\n\/*! This file is auto-generated *\/\n!function(d,l){\"use strict\";l.querySelector&&d.addEventListener&&\"undefined\"!=typeof URL&&(d.wp=d.wp||{},d.wp.receiveEmbedMessage||(d.wp.receiveEmbedMessage=function(e){var t=e.data;if((t||t.secret||t.message||t.value)&&!\/[^a-zA-Z0-9]\/.test(t.secret)){for(var s,r,n,a=l.querySelectorAll('iframe[data-secret=\"'+t.secret+'\"]'),o=l.querySelectorAll('blockquote[data-secret=\"'+t.secret+'\"]'),c=new RegExp(\"^https?:$\",\"i\"),i=0;i<o.length;i++)o[i].style.display=\"none\";for(i=0;i<a.length;i++)s=a[i],e.source===s.contentWindow&&(s.removeAttribute(\"style\"),\"height\"===t.message?(1e3<(r=parseInt(t.value,10))?r=1e3:~~r<200&&(r=200),s.height=r):\"link\"===t.message&&(r=new URL(s.getAttribute(\"src\")),n=new URL(t.value),c.test(n.protocol))&&n.host===r.host&&l.activeElement===s&&(d.top.location.href=t.value))}},d.addEventListener(\"message\",d.wp.receiveEmbedMessage,!1),l.addEventListener(\"DOMContentLoaded\",function(){for(var e,t,s=l.querySelectorAll(\"iframe.wp-embedded-content\"),r=0;r<s.length;r++)(t=(e=s[r]).getAttribute(\"data-secret\"))||(t=Math.random().toString(36).substring(2,12),e.src+=\"#?secret=\"+t,e.setAttribute(\"data-secret\",t)),e.contentWindow.postMessage({message:\"ready\",secret:t},\"*\")},!1)))}(window,document);\n\/\/# sourceURL=https:\/\/psol50.org.br\/biblio\/js\/wp-embed.min.js\n\/* ]]> *\/\n<\/script>\n","description":"*Por Manuel Garc\u00eda Rond\u00f3n Hoje, tristemente, nos sentimos unidos na dor, porque a besta racista n\u00e3o conhece limites humanos nem fronteiras territoriais Acabamos de ler a not\u00edcia transmitida pela ag\u00eancia EFE e um choque de horror e preocupa\u00e7\u00e3o nos invadiu. Quando ainda n\u00e3o acredit\u00e1vamos no que havia acontecido em Oslo (Noruega), eis que outros criminosos [&hellip;]","thumbnail_url":"http:\/\/psol50.org.br\/files\/2011\/07\/Neonazistas.jpg"}

Comunicação PSOL

*Por Manuel García Rondón Hoje, tristemente, nos sentimos unidos na dor, porque a besta racista não conhece limites humanos nem fronteiras territoriais Acabamos de ler a notícia transmitida pela agência EFE e um choque de horror e preocupação nos invadiu. Quando ainda não acreditávamos no que havia acontecido em Oslo (Noruega), eis que outros criminosos [&hellip;]
