{"version":"1.0","provider_name":"PSOL 50","provider_url":"https:\/\/psol50.org.br","author_name":"Comunica\u00e7\u00e3o PSOL","author_url":"https:\/\/psol50.org.br\/profile\/comunicacao\/","title":"Sexta-feira o Brasil vai parar na greve geral! - PSOL 50","type":"rich","width":600,"height":338,"html":"<blockquote class=\"wp-embedded-content\" data-secret=\"yHFK3sKIeU\"><a href=\"https:\/\/psol50.org.br\/sexta-feira-o-brasil-vai-parar-na-greve-geral\/\">Sexta-feira o Brasil vai parar na greve geral!<\/a><\/blockquote><iframe sandbox=\"allow-scripts\" security=\"restricted\" src=\"https:\/\/psol50.org.br\/sexta-feira-o-brasil-vai-parar-na-greve-geral\/embed\/#?secret=yHFK3sKIeU\" width=\"600\" height=\"338\" title=\"&#8220;Sexta-feira o Brasil vai parar na greve geral!&#8221; &#8212; PSOL 50\" data-secret=\"yHFK3sKIeU\" frameborder=\"0\" marginwidth=\"0\" marginheight=\"0\" scrolling=\"no\" class=\"wp-embedded-content\"><\/iframe><script type=\"text\/javascript\">\n\/* <![CDATA[ *\/\n\/*! This file is auto-generated *\/\n!function(d,l){\"use strict\";l.querySelector&&d.addEventListener&&\"undefined\"!=typeof URL&&(d.wp=d.wp||{},d.wp.receiveEmbedMessage||(d.wp.receiveEmbedMessage=function(e){var t=e.data;if((t||t.secret||t.message||t.value)&&!\/[^a-zA-Z0-9]\/.test(t.secret)){for(var s,r,n,a=l.querySelectorAll('iframe[data-secret=\"'+t.secret+'\"]'),o=l.querySelectorAll('blockquote[data-secret=\"'+t.secret+'\"]'),c=new RegExp(\"^https?:$\",\"i\"),i=0;i<o.length;i++)o[i].style.display=\"none\";for(i=0;i<a.length;i++)s=a[i],e.source===s.contentWindow&&(s.removeAttribute(\"style\"),\"height\"===t.message?(1e3<(r=parseInt(t.value,10))?r=1e3:~~r<200&&(r=200),s.height=r):\"link\"===t.message&&(r=new URL(s.getAttribute(\"src\")),n=new URL(t.value),c.test(n.protocol))&&n.host===r.host&&l.activeElement===s&&(d.top.location.href=t.value))}},d.addEventListener(\"message\",d.wp.receiveEmbedMessage,!1),l.addEventListener(\"DOMContentLoaded\",function(){for(var e,t,s=l.querySelectorAll(\"iframe.wp-embedded-content\"),r=0;r<s.length;r++)(t=(e=s[r]).getAttribute(\"data-secret\"))||(t=Math.random().toString(36).substring(2,12),e.src+=\"#?secret=\"+t,e.setAttribute(\"data-secret\",t)),e.contentWindow.postMessage({message:\"ready\",secret:t},\"*\")},!1)))}(window,document);\n\/\/# sourceURL=https:\/\/psol50.org.br\/biblio\/js\/wp-embed.min.js\n\/* ]]> *\/\n<\/script>\n","thumbnail_url":"https:\/\/psol50.org.br\/inc\/uploads\/2018\/07\/capa.png","thumbnail_width":1350,"thumbnail_height":900,"description":"Centrais sindicais, as frentes Povo Sem Medo e Brasil Popular e movimentos dos mais diversos setores da sociedade est\u00e3o com\u00a0presen\u00e7a\u00a0confirmada na greve geral de sexta-feira (28\/04), \u00e0s v\u00e9speras do Dia Internacional dos Trabalhadores, celebrado em 1\u00ba de maio. A\u00a0reforma da Previd\u00eancia, a reforma trabalhista e a terceiriza\u00e7\u00e3o s\u00e3o as principais pautas repudiadas pelos grevistas. Esses\u00a0ataques [&hellip;]"}

Comunicação PSOL

Centrais sindicais, as frentes Povo Sem Medo e Brasil Popular e movimentos dos mais diversos setores da sociedade estão com presença confirmada na greve geral de sexta-feira (28/04), às vésperas do Dia Internacional dos Trabalhadores, celebrado em 1º de maio. A reforma da Previdência, a reforma trabalhista e a terceirização são as principais pautas repudiadas pelos grevistas. Esses ataques [&hellip;]
